(-12))*2?
11
Suppose -2*s + 0 + 14 = 0. Calculate the remainder when s is divided by ((-18)/(-24))/(2/8).
1
Let r(j) = j**2 + 8*j - 10. Calculate the remainder when 112 is divided by r(-11).
20
Let b(q) = q + 3. Let l be b(4). Let k be 308/2 + l + -7. Suppose k = 5*v + 44. What is the remainder when v is divided by 6?
4
Suppose 4*y - 35 = 1. Let h = 22 - y. What is the remainder when h is divided by 4?
1
Let c = 77 - 46. Let o = -1 + 9. What is the remainder when c is divided by o?
7
Suppose 3*h + 2*h - 40 = 0. Let y(v) = v**2 - 2*v + 1. Let t be y(1). Suppose t = -3*g - 2*g + 75. What is the remainder when g is divided by h?
7
Suppose -92 = -4*x - 4*i, -i - 83 - 9 = -4*x. Let q(u) = -u**3 + 4*u**2 - u. Calculate the remainder when x is divided by q(3).
5
Suppose -5*h + 149 = 4*k - 3*k, -5*k = -2*h + 38. Suppose t - 48 = -40. Calculate the remainder when h is divided by t.
5
Suppose 14 = v + 5*g, -3*v + 8*v - 3*g - 70 = 0. Calculate the remainder when 39 is divided by v.
11
Let a(f) be the second derivative of 3*f**3/2 + f**2/2 + 2*f. Calculate the remainder when 3/((-12)/(-37))*4 is divided by a(2).
18
Suppose 9*j - 24*j = -210. What is the remainder when 166/4 - 2/4 is divided by j?
13
Suppose -3*n + 55 = 5*g - 80, -170 = -5*g + 4*n. Suppose -8*q - 156 = -3*q + a, -q - g = -a. Let v = 56 + q. What is the remainder when v is divided by 9?
7
Suppose 0 = -3*v - 0*v + 4*b + 584, 5*b + 25 = 0. Calculate the remainder when v is divided by 19.
17
Let w = 7 + 31. What is the remainder when w is divided by 13?
12
Let i be -3 - -2*(-1)/(-2). Calculate the remainder when 25 is divided by (3/6)/(i/(-36)).
7
Let s(p) = p**3 - 9*p**2 - 7*p + 18. Calculate the remainder when s(10) is divided by 17.
14
Let m be ((-822)/(-12))/((-1)/(-2)). Suppose 5*k = 7*s - 3*s - m, -k = -3*s + 111. Calculate the remainder when s is divided by 10.
8
Let s(g) = -g + 6. Suppose 7*w - 6 = -3*t + 4*w, -2*w = -4*t + 2. What is the remainder when t*(-15)/(-1 + -2) is divided by s(4)?
1
Suppose -7*q = -11*q + 76. Calculate the remainder when 74 is divided by q.
17
Let s = 2 + 2. Let f(a) = a**2 - 4*a + 4. Let r be f(s). Suppose -r*h = -5*j + 59, -3*j + 21 + 16 = -4*h. What is the remainder when j is divided by 6?
5
Let y = -3 - -5. Suppose 0 = -y*w + 2*z + 36, 24 + 31 = 5*w + 2*z. Suppose -3*j = 3*v - 69, v + 4 = -5*j + 127. What is the remainder when j is divided by w?
12
Suppose -3*n = 2*n - 40. Calculate the remainder when 12 is divided by 1/(-4) - (-42)/n.
2
Suppose -4*p + 13 = -23. Let f be (84/p)/(1/3). Suppose 2*w = 6*w - f. What is the remainder when w is divided by 4?
3
Let y(f) = -f + 4. Let q(p) = -1. Let b(n) = -4*q(n) + y(n). What is the remainder when b(4) is divided by 2?
0
Let q = -4 + 20. Suppose 19*o = 22*o - 48. Let i = -10 + o. Calculate the remainder when q is divided by i.
4
Let n(u) = -58*u + 23. Calculate the remainder when n(-3) is divided by 33.
32
Let v(j) = -2*j - 10. Let x be v(-8). Let n = x + 7. Let u = -68 - -106. What is the remainder when u is divided by n?
12
Suppose -9*g + 14*g = -10. What is the remainder when -2*g/4*133 is divided by 34?
31
Let w = 3 + 1. Calculate the remainder when 1*(2*74)/w is divided by 10.
7
Let m(r) = -67*r**2 - 9*r - 9. Let x(p) = -34*p**2 - 5*p - 5. Let g(y) = -6*m(y) + 11*x(y). Calculate the remainder when g(-1) is divided by 10.
8
Suppose -3*k + 15 = -0*k. Let z be (-10)/(-40) + 30/8. Suppose f = 5*u - 6 - 11, 0 = -z*u - 5*f + 2. What is the remainder when k is divided by u?
2
Let p = 19 - 16. What is the remainder when 4 is divided by p?
1
Let i = 189 + -183. Let y = -2 + 13. Calculate the remainder when y is divided by i.
5
Let l(t) = -4*t**2 + 10*t - 4. Let s(f) = 5*f**2 - 11*f + 4. Let m(g) = 4*l(g) + 3*s(g). Calculate the remainder when 11 is divided by m(5).
5
Suppose 5*t - t = -5*j + 106, 3*t = -2*j + 83. Calculate the remainder when t is divided by 8.
5
Calculate the remainder when 23 is divided by ((-36)/(-15))/(4/20).
11
Suppose -9*n + 14*n - 70 = 0. Calculate the remainder when 209 is divided by n.
13
Let s = 26 + -20. What is the remainder when 23 is divided by s?
5
What is the remainder when 36*((-20)/15 - -2) is divided by 8?
0
Let x(b) = 2*b**2 - 15*b + 8. Calculate the remainder when 173 is divided by x(9).
33
Suppose -4*m = r - 36, -4*r + 5*m = 3*m - 234. Suppose -5*x = 2 - 12, -r = -5*l + 2*x. Let q = 19 + 16. What is the remainder when q is divided by l?
11
Let s = -29 + 34. Suppose -2*n + 4*x = -42, -s*n + x + 19 = -4*n. What is the remainder when n is divided by 6?
5
Let f = 553 - 344. What is the remainder when (f + 3)*2/8 is divided by 27?
26
Suppose y + 3*q = 108, 5*y - q - 251 - 321 = 0. Suppose -106 + 34 = -2*i. What is the remainder when i is divided by (1/(-3))/((-2)/y)?
17
Let v = 56 + -7. Calculate the remainder when v is divided by 18.
13
Let x be 354/8 + 1/(-4). Suppose 0 = -0*d + d - 2*v - x, 3*d + v = 111. Calculate the remainder when d is divided by 13.
12
Let r = 10 - -2. Calculate the remainder when (-2)/1 + (37 - 1) is divided by r.
10
Let c(p) = 11*p - 4. Suppose 4*u - 13 = 3. Suppose 34 = u*m + 2*j, 0 = 5*m - 6*m + 5*j - 19. Calculate the remainder when c(m) is divided by 21.
20
Suppose -2*u = 3*k + 351 - 349, 5 = -3*u - 5*k. Suppose 5*b + 30 = 2*w, -5 = -0*w + 3*w + 5*b. Calculate the remainder when u is divided by w.
0
Suppose 6*n + f - 45 = n, -5*n - 5*f + 65 = 0. Let b(o) = o**2 + 6*o - 2. What is the remainder when b(-8) is divided by n?
6
Suppose 0*j - 4 = -j - 4*f, 0 = 3*j - 4*f - 44. What is the remainder when 20 is divided by j?
8
Let h(o) = o + 2. Let w be h(-5). Let i = 0 - w. Suppose -i*k = k - 196. What is the remainder when k is divided by 17?
15
Let d(s) = -s + 8. Let z be d(-5). Suppose -z = -13*k + 12*k. Calculate the remainder when 37 is divided by k.
11
Let p(m) = -2*m**3 - 6*m**2 - 5*m - 6. Let z be (0 + 0)*(6 - 7). Suppose -5*o + 74 + 6 = z. Calculate the remainder when p(-4) is divided by o.
14
Suppose 5*h = -4*x + 8, 4*h - x + 1 + 1 = 0. Suppose h = -5*u - 0*u + 75. Calculate the remainder when 57 is divided by u.
12
Let l(n) = n + 55. Let r(k) = -k + 47. What is the remainder when l(0) is divided by r(33)?
13
Let k(a) be the third derivative of -a**6/120 + 3*a**5/20 - a**4/4 - 5*a**3/6 + 3*a**2. What is the remainder when 31 is divided by k(8)?
9
Let c(a) = -7*a**2 + 9*a - 4. Let x(o) = -20*o**2 + 26*o - 12. Let d(z) = 17*c(z) - 6*x(z). What is the remainder when 5 is divided by d(2)?
1
Suppose 4*h - 9*h + 440 = 0. Calculate the remainder when h is divided by 23.
19
Suppose 3*i - 4*i + 4 = 0. What is the remainder when 11 is divided by i?
3
Let u(n) = -n**2 - 3*n + 4. Let r(w) = -2 + 4 - 5*w - 20*w**2 + 19*w**2. Calculate the remainder when r(-4) is divided by u(-3).
2
Let g(n) be the second derivative of -n + 2/3*n**3 + 1/2*n**2 + 0. What is the remainder when g(1) is divided by 3?
2
Suppose 47 = 5*k - 93. Calculate the remainder when k is divided by 10.
8
Let r(i) = -i**3 - 12*i**2 - i - 7. Let v be r(-12). Suppose 17 = 5*j + d - v, 20 = 4*j + 2*d. Calculate the remainder when 15 is divided by j.
3
Suppose -4 = 2*t + 2. Let l = t + 5. Suppose 3*r + 1 + 23 = 3*n, l*n = -2*r + 28. Calculate the remainder when n is divided by 6.
5
Let b = 8 + -12. Let s(n) = -10*n - 4. What is the remainder when s(b) is divided by 13?
10
Suppose 0 = -5*b + 5, 4*s - b = 6 + 5. What is the remainder when 2*-25*s/(-2) is divided by 19?
18
Suppose 6*q + 0*q - 222 = 0. Calculate the remainder when 67 is divided by q.
30
Let p = 82 - 59. What is the remainder when 45 is divided by p?
22
Suppose -3*t - 2*t = q - 22, -q = t - 26. What is the remainder when q is divided by 18?
9
Let r(j) = -j**3 - 13*j**2 - 8*j - 19. Let k be r(-13). Suppose -2*b = -7*b + k. Calculate the remainder when b is divided by 9.
8
Let f(l) = -l**3 + 13*l**2 - 12*l + 3. Let z be f(12). Suppose s - z + 0 = 0. What is the remainder when s is divided by 2?
1
Suppose -51 = -2*p + 95. Calculate the remainder when p is divided by 20.
13
Suppose 19 = 3*b - 2*o, b + 2*o = -3*b + 2. Suppose -1 = -b*w + 56. Suppose -4*c + 180 = c. Calculate the remainder when c is divided by w.
17
Suppose -8 = -5*y - 3. Let m(j) = -j + 2. Let w be m(-2). Suppose -5*b + 1 + w = 0. What is the remainder when b is divided by y?